{"id":243,"date":"2018-07-19T08:23:55","date_gmt":"2018-07-19T08:23:55","guid":{"rendered":"https:\/\/themes.getmotopress.com\/aquentro\/?page_id=19"},"modified":"2022-08-31T10:41:22","modified_gmt":"2022-08-31T10:41:22","slug":"amenities","status":"publish","type":"page","link":"https:\/\/dev.alohaalicante.es\/?page_id=243","title":{"rendered":"Servicios premium para propietarios en Aloha Alicante"},"content":{"rendered":"\t\t<div data-elementor-type=\"wp-page\" data-elementor-id=\"243\" class=\"elementor elementor-243\">\n\t\t\t\t\t\t\t\t\t<section class=\"elementor-section elementor-top-section elementor-element elementor-element-1177b935 elementor-section-boxed elementor-section-height-default elementor-section-height-default\" data-id=\"1177b935\" data-element_type=\"section\">\n\t\t\t\t\t\t<div class=\"elementor-container elementor-column-gap-default\">\n\t\t\t\t\t<div class=\"elementor-column elementor-col-100 elementor-top-column elementor-element elementor-element-5ea5f5f2\" data-id=\"5ea5f5f2\" data-element_type=\"column\">\n\t\t\t<div class=\"elementor-widget-wrap elementor-element-populated\">\n\t\t\t\t\t\t\t\t<div class=\"elementor-element elementor-element-40081b6b elementor-widget elementor-widget-text-editor\" data-id=\"40081b6b\" data-element_type=\"widget\" data-widget_type=\"text-editor.default\">\n\t\t\t\t<div class=\"elementor-widget-container\">\n\t\t\t<style>\/*! elementor - v3.7.4 - 31-08-2022 *\/\n.elementor-widget-text-editor.elementor-drop-cap-view-stacked .elementor-drop-cap{background-color:#818a91;color:#fff}.elementor-widget-text-editor.elementor-drop-cap-view-framed .elementor-drop-cap{color:#818a91;border:3px solid;background-color:transparent}.elementor-widget-text-editor:not(.elementor-drop-cap-view-default) .elementor-drop-cap{margin-top:8px}.elementor-widget-text-editor:not(.elementor-drop-cap-view-default) .elementor-drop-cap-letter{width:1em;height:1em}.elementor-widget-text-editor .elementor-drop-cap{float:left;text-align:center;line-height:1;font-size:50px}.elementor-widget-text-editor .elementor-drop-cap-letter{display:inline-block}<\/style>\t\t\t\t<p style=\"text-align: center;\">Entendemos que quieras obtener m\u00e1s rendimiento de tu <strong>apartamento vacacional<\/strong> multiplicando su visibilidad en internet, y tambi\u00e9n simplificar la gesti\u00f3n de tus <strong>propiedades y reservas<\/strong>.<\/p>\n<p style=\"text-align: center;\">Desde <strong>Aloha Alicante<\/strong> podemos ayudarte: te ofrecemos una ventana m\u00e1s en internet con nuestro exclusivo servicio &#8220;<strong>Para Propietarios<\/strong>&#8220;, con el que damos m\u00e1s visibilidad a tus <strong>apartamentos<\/strong>.<\/p>\n<p style=\"text-align: center;\">Descubre c\u00f3mo.<\/p>\t\t\t\t\t\t<\/div>\n\t\t\t\t<\/div>\n\t\t\t\t\t<\/div>\n\t\t<\/div>\n\t\t\t\t\t\t\t<\/div>\n\t\t<\/section>\n\t\t<div class=\"elementor-element elementor-element-c7f2b30 e-container--column e-container\" data-id=\"c7f2b30\" data-element_type=\"container\">\t\t\t\t<div class=\"elementor-element elementor-element-d4934ce elementor-widget elementor-widget-wpforms\" data-id=\"d4934ce\" data-element_type=\"widget\" data-widget_type=\"wpforms.default\">\n\t\t\t\t<div class=\"elementor-widget-container\">\n\t\t\t<div class=\"wpforms-container wpforms-container-full\" id=\"wpforms-476\"><form id=\"wpforms-form-476\" class=\"wpforms-validate wpforms-form wpforms-ajax-form\" data-formid=\"476\" method=\"post\" enctype=\"multipart\/form-data\" action=\"\/index.php?rest_route=%2Fwp%2Fv2%2Fpages%2F243\" data-token=\"9d13647122c6ecfc166eace472735382\"><noscript class=\"wpforms-error-noscript\">Por favor, activa JavaScript en tu navegador para completar este formulario.<\/noscript><div class=\"wpforms-field-container\"><div id=\"wpforms-476-field_0-container\" class=\"wpforms-field wpforms-field-name\" data-field-id=\"0\"><label class=\"wpforms-field-label\" for=\"wpforms-476-field_0\">Aqu\u00ed, tu nombre <span class=\"wpforms-required-label\">*<\/span><\/label><input type=\"text\" id=\"wpforms-476-field_0\" class=\"wpforms-field-medium wpforms-field-required\" name=\"wpforms[fields][0]\" required><\/div><div id=\"wpforms-476-field_1-container\" class=\"wpforms-field wpforms-field-email\" data-field-id=\"1\"><label class=\"wpforms-field-label\" for=\"wpforms-476-field_1\">Y, aqu\u00ed, tu email <span class=\"wpforms-required-label\">*<\/span><\/label><input type=\"email\" id=\"wpforms-476-field_1\" class=\"wpforms-field-medium wpforms-field-required\" name=\"wpforms[fields][1]\" required><\/div><div id=\"wpforms-476-field_2-container\" class=\"wpforms-field wpforms-field-textarea\" data-field-id=\"2\"><label class=\"wpforms-field-label\" for=\"wpforms-476-field_2\">Dinos en qu\u00e9 podemos ayudarte <span class=\"wpforms-required-label\">*<\/span><\/label><textarea id=\"wpforms-476-field_2\" class=\"wpforms-field-medium wpforms-field-required\" name=\"wpforms[fields][2]\" required><\/textarea><\/div><div id=\"wpforms-476-field_3-container\" class=\"wpforms-field wpforms-field-gdpr-checkbox\" data-field-id=\"3\"><label class=\"wpforms-field-label\" for=\"wpforms-476-field_3\">Protecci\u00f3n de datos <span class=\"wpforms-required-label\">*<\/span><\/label><ul id=\"wpforms-476-field_3\" class=\"wpforms-field-required\"><li class=\"choice-1\"><input type=\"checkbox\" id=\"wpforms-476-field_3_1\" name=\"wpforms[fields][3][]\" value=\"Permito que Aloha Alicante almacene mis datos para poder responder a mi solicitud.\" required ><label class=\"wpforms-field-label-inline\" for=\"wpforms-476-field_3_1\">Permito que Aloha Alicante almacene mis datos para poder responder a mi solicitud.<\/label><\/li><\/ul><div class=\"wpforms-field-description\">Nos tomamos muy en serio la protecci\u00f3n de tus datos personales: por eso no te dejamos que nos escribas si no podemos almacenarlos para responderte. <\/div><\/div><\/div><div class=\"wpforms-submit-container\"><input type=\"hidden\" name=\"wpforms[id]\" value=\"476\"><input type=\"hidden\" name=\"wpforms[author]\" value=\"1\"><button type=\"submit\" name=\"wpforms[submit]\" id=\"wpforms-submit-476\" class=\"wpforms-submit\" data-alt-text=\"Enviando...\" data-submit-text=\"Enviar\" aria-live=\"assertive\" value=\"wpforms-submit\">Enviar<\/button><img loading=\"lazy\" decoding=\"async\" src=\"https:\/\/dev.alohaalicante.es\/wp-content\/plugins\/wpforms-lite\/assets\/images\/submit-spin.svg\" class=\"wpforms-submit-spinner\" style=\"display: none;\" width=\"26\" height=\"26\" alt=\"Cargando\"><\/div><\/form><\/div>  <!-- .wpforms-container -->\t\t<\/div>\n\t\t\t\t<\/div>\n\t\t<\/div>\t\t\t\t\t<\/div>\n\t\t","protected":false},"excerpt":{"rendered":"<p>Entendemos que quieras obtener m\u00e1s rendimiento de tu apartamento vacacional multiplicando su visibilidad en internet, y tambi\u00e9n simplificar la gesti\u00f3n de tus propiedades y reservas. Desde Aloha Alicante podemos ayudarte: te ofrecemos una ventana m\u00e1s en internet con nuestro exclusivo servicio &#8220;Para Propietarios&#8220;, con el que damos m\u00e1s visibilidad a tus apartamentos. Descubre c\u00f3mo.<\/p>\n","protected":false},"author":1,"featured_media":294,"parent":0,"menu_order":0,"comment_status":"closed","ping_status":"closed","template":"template-full-width-grid-page.php","meta":{"inline_featured_image":false,"footnotes":""},"class_list":["post-243","page","type-page","status-publish","has-post-thumbnail","hentry"],"aioseo_notices":[],"_links":{"self":[{"href":"https:\/\/dev.alohaalicante.es\/index.php?rest_route=\/wp\/v2\/pages\/243","targetHints":{"allow":["GET"]}}],"collection":[{"href":"https:\/\/dev.alohaalicante.es\/index.php?rest_route=\/wp\/v2\/pages"}],"about":[{"href":"https:\/\/dev.alohaalicante.es\/index.php?rest_route=\/wp\/v2\/types\/page"}],"author":[{"embeddable":true,"href":"https:\/\/dev.alohaalicante.es\/index.php?rest_route=\/wp\/v2\/users\/1"}],"replies":[{"embeddable":true,"href":"https:\/\/dev.alohaalicante.es\/index.php?rest_route=%2Fwp%2Fv2%2Fcomments&post=243"}],"version-history":[{"count":10,"href":"https:\/\/dev.alohaalicante.es\/index.php?rest_route=\/wp\/v2\/pages\/243\/revisions"}],"predecessor-version":[{"id":684,"href":"https:\/\/dev.alohaalicante.es\/index.php?rest_route=\/wp\/v2\/pages\/243\/revisions\/684"}],"wp:featuredmedia":[{"embeddable":true,"href":"https:\/\/dev.alohaalicante.es\/index.php?rest_route=\/wp\/v2\/media\/294"}],"wp:attachment":[{"href":"https:\/\/dev.alohaalicante.es\/index.php?rest_route=%2Fwp%2Fv2%2Fmedia&parent=243"}],"curies":[{"name":"wp","href":"https:\/\/api.w.org\/{rel}","templated":true}]}}